 of g?
9
Let j = 37 + 549. What is the hundreds digit of j?
5
Let z = -25 + 6. Let h be (12/(-6))/(2/(-9)) - 2. Let g = h - z. What is the units digit of g?
6
Let r(j) = -j + 9. Suppose 0 = -6*x + 3*x + 21. Let h be r(x). Suppose s + 2 = -2*y, 4*s - 2*y = h*y + 28. What is the units digit of s?
4
Let n(x) = 209*x**2 + 10*x + 3. What is the hundreds digit of n(-2)?
8
What is the tens digit of 53928/34 - 28/238?
8
Suppose y + g - 395 = 0, 0 = y - 2*g - 344 - 63. What is the hundreds digit of y?
3
Suppose -j + 3*c + 1556 = -101, -j + 1653 = -4*c. What is the thousands digit of j?
1
Let q = 852 + -618. What is the hundreds digit of q?
2
Suppose -2*m - 84 = -5*m + 3*j, 5*m = -5*j + 90. Suppose 5*o = -2*a + 4*o + 115, -25 = -5*o. Let s = a - m. What is the units digit of s?
2
Let k be (-264)/(-32) - (-3)/4. Suppose -w = -1 + k. What is the units digit of 4/5 - w/40?
1
Let x = 22 + -20. Let s(h) = -21*h**3 + 13*h**3 + x*h - 1 + 5*h**3 + 3*h**2. What is the tens digit of s(-2)?
3
What is the tens digit of (-3 - -5)*(-7)/(42/(-1284))?
2
Let g = -12 + 14. Let y(r) = 2 - r**3 + g - 12*r**2 - r + 0. What is the tens digit of y(-12)?
1
Suppose 9803 - 32245 = -49*d. What is the hundreds digit of d?
4
Let s(n) = n - 6. Let a be s(3). What is the units digit of 34 + (-4)/a*(-27)/18?
2
Suppose -3*y + 27 = -2*f + f, -38 = -5*y + 4*f. Let j be 231/15 + 6/y. Suppose 2*c - j = 54. What is the tens digit of c?
3
What is the tens digit of (-6 - (-54)/(-12))*(-2192)/12?
1
Let m = -11 - -8. Let i = -115 + 121. What is the units digit of i/4*(-118)/m?
9
Suppose 0 = -19*p - 15*p + 137292. What is the tens digit of p?
3
Suppose -5*t = -20*t + 3720. What is the tens digit of t?
4
Suppose 5*k - 4932 = -582. What is the tens digit of k?
7
What is the hundreds digit of 3 + 1242 + -1*15/(-3)?
2
Let w(n) = -n**3 + 10*n**2 - 11*n + 21. Let i be w(9). Suppose i*t - 2*k = 140, -5*t - 2*k - 2*k = -204. What is the units digit of t?
4
Let h = 97 - 83. What is the tens digit of h?
1
Let m(u) = 2*u + 0*u - 19*u**2 + 2*u**3 - u - 8 + 12*u**2. What is the tens digit of m(6)?
7
Suppose 3*r - 4*r + 266 = -3*m, -5*r + 1330 = -2*m. What is the units digit of r?
6
Suppose 20 = -5*p, 3*u - 7*u = -5*p - 40. Suppose a - 70 = -5*l - 4*a, 70 = u*l + 3*a. What is the units digit of l?
4
Let k = 6901 + -4232. What is the units digit of k?
9
Let r be 3/(-3)*(-33)/3. Let k = 16 - r. Suppose -103 = -k*o + 77. What is the tens digit of o?
3
Suppose 15*a + 9*a = 1032. Let l = -89 + 173. Let h = l - a. What is the tens digit of h?
4
Suppose 5*i + 33 = -2*x + 5, 4*x = -2*i - 88. What is the units digit of (-4)/x + 370/12?
1
Suppose 4*t = -3*m - 53, 58 = -3*m - 7*t + 2*t. Let x = 17 + m. Let o = 9 - x. What is the units digit of o?
3
Let z = -22 + 25. Suppose -z*h + 2 = -4*h. What is the tens digit of 3/(3/h) + 54?
5
Let m = 23 - 12. Let v(a) = a**3 - 11*a**2 + 4*a - 4. What is the units digit of v(m)?
0
Let u(w) = -w**3 + 4*w**2 - 2*w + 1. Let i be u(2). Let y = -53 - -79. Suppose -10 = i*s, -2*j + 12 + y = -3*s. What is the tens digit of j?
1
Suppose 5*a - 390 = -3*w + 163, a + 373 = 2*w. What is the tens digit of w?
8
Suppose -3*v = v + w - 11, -7 = -3*v - w. Suppose v*j - 2*q = 320, -3*j + q + 316 = j. What is the tens digit of j?
7
Suppose -4*k = -2*k + 3*t - 120, -5*k = 4*t - 307. What is the tens digit of k?
6
Let u(b) = -140*b + 203. What is the units digit of u(-9)?
3
Suppose -5 = -7*s + 2*s, 0 = h + 5*s + 15. What is the units digit of 114/10 + 8/h?
1
Let v(i) = -i**3 - 4*i**2 + i - 6. Let z = 31 + -37. What is the tens digit of v(z)?
6
Let v = 573 - 348. Suppose -4*w = l - 3*w - 74, 0 = -3*l - 2*w + v. What is the units digit of l?
7
Let z(h) be the first derivative of 39*h**2/2 - 2*h + 1. Suppose 4*y = 4*q + 12, 4*y + 4*q + 7 = 3. What is the units digit of z(y)?
7
Let n = -53 + 119. Suppose -2*x - n = -70. What is the units digit of x?
2
Suppose a + 54 - 226 = 0. What is the tens digit of a?
7
Let n(w) = -w**2 - 1. Let h(t) = -t**2 + 8*t + 5. Let s(g) = -h(g) + 2*n(g). Let x be s(-6). Let i(y) = y**2 + 4*y - 2. What is the units digit of i(x)?
3
Let q be (2/4)/((-227)/114 + 2). What is the units digit of -1 + 1 + q - 1?
6
Let v = 865 + -91. What is the units digit of v?
4
Let x = -1482 - -2204. What is the hundreds digit of x?
7
Suppose -32652 = -11*d - d. What is the units digit of d?
1
Let t = 16 - 12. Suppose -t*d = -8*d + 328. Suppose -5*a - 2 = -d. What is the tens digit of a?
1
Let p(l) = -l**3 + 10*l**2 + 6. Let s be p(10). Let a be 10/s*(3 - 0). Suppose -k - 17 + 70 = -o, -4*k - a*o = -212. What is the units digit of k?
3
What is the tens digit of (-10)/(-8) - 33765/(-12)?
1
Let b be ((-6)/(-10))/((-3)/15). What is the units digit of 2 - (b - -1) - -39?
3
Suppose -25*l = -21*l + 208. What is the units digit of (-2561)/l - (-2)/(-8)?
9
Let b(u) = u**3 - 3*u**2 + 5*u - 2. Let q be b(2). Suppose 4*r - 5*l = -l + 400, -2*r + 194 = q*l. What is the units digit of r?
9
Suppose -2*m - 10 = -2*f + 4, 4*m + 26 = 3*f. Suppose 3*w - f*w = 33. Suppose -5*q + 7*z = 2*z - 55, -5*z = -3*q + w. What is the tens digit of q?
1
Let y(a) = 2 + 3*a - 8*a + 7 - 4. Let m(k) = -1. Let n(v) = 5*m(v) - y(v). What is the units digit of n(13)?
5
Let n = 294 - 128. What is the tens digit of n?
6
Suppose -2*k - 118 = 276. Let x = 357 + k. Suppose x = 2*o + 3*o. What is the units digit of o?
2
Let d(q) = 11*q + 12. Let k(v) = 2*v**2 - 4*v + 3. Let j be k(4). What is the hundreds digit of d(j)?
2
Let b(r) be the third derivative of 1/120*r**6 - 1/20*r**5 + 0*r**3 + 0*r + 0 - 1/4*r**4 + r**2. What is the tens digit of b(5)?
2
Let r = 4038 + -2405. What is the hundreds digit of r?
6
Suppose -45*j + 4*r = -41*j - 11364, 2*j = 4*r + 5680. What is the units digit of j?
2
Let g = -1518 + 2876. What is the tens digit of g?
5
Let w = -1427 + 4392. What is the thousands digit of w?
2
Let s = -1358 + 2544. What is the thousands digit of s?
1
Let t be 2/7 - (-46)/(-14). Let n = t + 7. Suppose -3*u - s = 2*s - 54, n*u + s = 69. What is the units digit of u?
7
Suppose z + 2 = 5, 0 = 5*f - 4*z - 438. What is the tens digit of f?
9
Suppose 0 = -5*w - 2*t + 33, -5*w = -0*w + 3*t - 37. Suppose w = z - 9. What is the tens digit of z?
1
Suppose 0 = -6*k - 5006 + 18962. What is the thousands digit of k?
2
Let v(n) be the third derivative of 7/6*n**3 + 6*n**2 - 1/60*n**5 + 7/24*n**4 + 0 + 0*n. What is the tens digit of v(5)?
1
Let s be (-6)/(-15) + (-10)/25. Suppose -3*h + 2*h + 9 = 0. Suppose -4*f + h - 1 = s. What is the units digit of f?
2
Let s(p) = -p**3 + 11*p**2 - 1. Let q(y) = -6*y**3 + 56*y**2 + y - 4. Let f(i) = 2*q(i) - 11*s(i). What is the tens digit of f(-10)?
8
Suppose 0*r - 2*r = -w - 89, -4*w = -r + 34. Let d = r - 1. What is the tens digit of d?
4
Let f be (-9)/(-21) - (-5496)/14. Suppose 453 = 6*z - f. What is the tens digit of z?
4
Suppose 660 = 2*v - 17*v. Let k = v - -99. What is the tens digit of k?
5
Suppose 14789 = 4*j - 5*q, 7391 + 11 = 2*j - 4*q. What is the units digit of j?
1
Let r = -5 - -7. Suppose -3*w + 4*c = 40, r*w - c + 14 = w. What is the tens digit of (w/24)/(2/(-81))?
2
Let c = -3 - -7. Suppose 3*p = -p - 4*r + 36, -c*r = 2*p - 24. What is the units digit of (2 - p)/(2 - 3)?
4
Let r(a) = a**3 + 20*a**2 - 13*a + 43. Let y be ((-20)/6)/(1/6). What is the units digit of r(y)?
3
Let a = -48 - 13. Let n = a - -184. What is the hundreds digit of n?
1
Let w(d) = d**3 + 13*d**2 - 4*d - 13. Let m be w(-13). Let v = m + -40. What is the tens digit of (v/2)/(4/(-640))?
8
Suppose 0 = 12*u - 6*u - 5382. What is the hundreds digit of u?
8
Let m be 1/(574/(-192) + 3). Let x = m + 88. What is the hundreds digit of x?
1
Suppose 0 = -2*m + 10. Suppose -s + 0*s + 15 = 5*r, -m*r = 0. What is the tens digit of s?
1
Suppose -5*b + 3*q + 22 = -15, -b - 5*q = 15. Let g = -2 + 4. Suppose b = g*w - 5. What is the units digit of w?
5
Suppose s + s + 4*d - 188 = 0, -4*s = 5*d - 391. Suppose -s = -6*o + 76. What is the units digit of o?
0
What is the hundreds digit of 343 + (-4 + 5)*-4?
3
Let z be (45 - 48)*(0 - 4/6). Let y = -287 - -431. Suppose z*b - y = -2*b. What is the tens digit of b?
3
Suppose 5*z - 231 = -v - 3*v, -3*z + 3*v + 144 = 0. Suppose l + 32 = z. What is the tens digit of l?
1
Let l(s) = 10*s. Let m be l(1